(-1620)).
3, 887
Let j be ((-12)/5)/(10*(-10)/125). Let h = -12 - -272. Suppose -j*k - h = -7*k. What are the prime factors of k?
5, 13
Suppose -2*i = -2*x - 6, 2*x + 0*x + i = 9. Suppose 3*g + 184 + 351 = x*u, 0 = 5*g + 15. Suppose 2*n + 81 = f + 3*n, n = 3*f - u. List the prime factors of f.
2, 43
Let m be (-14)/42 + (-6850)/6. Let h be (1 + 0)/((-1144)/m - 1). Suppose -9*a + h = -104. List the prime factors of a.
3, 5
Suppose -2857 = -3*x - 2*i, 3*x - 2849 = 2*i - 0*i. List the prime factors of x.
3, 317
Suppose -45*f + 41*f = 236. Let r = -51 - f. Suppose -r*k + 868 = 172. What are the prime factors of k?
3, 29
Let m(c) = 6044*c + 339. List the prime factors of m(2).
17, 43
What are the prime factors of 9*-1 - (-12 - 6420)?
3, 2141
Let q(l) = l**3 - 5*l**2 + l - 1. Let h be q(5). Suppose -899*n + 16 = -915*n. What are the prime factors of (-4044)/(-16) - n/h?
11, 23
Suppose 67 = 2*j - 429. Suppose 5*l - 278 = -m + j, -2*m = 4*l - 1076. List the prime factors of m.
2, 3, 7, 13
Suppose 18 = -22*f + 31*f. What are the prime factors of (240/12)/(f/16)?
2, 5
Let f be 3*(-3 - -1*(-2 + 6)). Let q be 0 + 1 - (48 - 12/f). Let y = q + 72. What are the prime factors of y?
29
Suppose 2*w + 157 = 101. List the prime factors of (w + (-6)/(-3))*390/(-15).
2, 13
Let s be (126/7)/((-7)/((-28)/(-6))). What are the prime factors of (-4)/(s/18330*5)?
2, 13, 47
Suppose -k = p - 5872, 5*p - 39641 + 10295 = -3*k. What are the prime factors of p?
3, 5, 17, 23
Let t = -9865 + 32227. List the prime factors of t.
2, 3, 3727
Let w be 8 + -7 + -5 - -2*134. Let j = w - -314. List the prime factors of j.
2, 17
Let g = -13671 - -22879. List the prime factors of g.
2, 1151
Suppose -2*c = h - 146, 0 = 2*h - 0*c - 3*c - 320. Let b = h - -216. What are the prime factors of b?
2, 5, 37
List the prime factors of (-1 - 94)/(139/(-16402)).
2, 5, 19, 59
Let v(r) = 4067*r - 7. Let s be v(2). Suppose 23*y - s = -4*y. What are the prime factors of y?
7, 43
Suppose 7 = 2*z + 7. Let u(w) = w**2 + w + 4. Let p be u(z). Suppose 2*x + 220 = p*m, 3*x + 60 = 3*m - 2*m. List the prime factors of m.
2, 3
Let i = -66 + 61. Let g(l) = -l**2 - 3*l - 8. Let p be g(i). Let j = 57 + p. What are the prime factors of j?
3, 13
Let g(a) = 377*a**2 - 19*a - 10. Let f be g(7). What are the prime factors of 10 + f/50 + 4/10?
13, 29
Let x(i) = -i**3 + 34*i**2 + 36*i - 29. Let s be x(35). Suppose s*l - 202 = 2624. What are the prime factors of l?
3, 157
Suppose -5*l + 0*l = -140. Suppose -4*s - 6 = 2*k - l, -s = -2*k + 7. Suppose -6 = s*o, g + 0*o - 181 = -2*o. What are the prime factors of g?
5, 37
Suppose 72830 + 312302 = 23*t - 419891. What are the prime factors of t?
3, 3889
Suppose -2 = l - 7, 27 = -2*t + 3*l. Let h(c) = -2 - c - 7*c**2 + 5 - 1 - 2*c**3 + 1 + 0. What are the prime factors of h(t)?
3, 7
Let l = -106 - -162. What are the prime factors of l/(4*4/56)?
2, 7
Suppose -5*i + 14 = 4*s - 5*s, -i + s = -6. Suppose i*x - 14 - 10 = 0. Suppose x*f - 1750 = -2*f. What are the prime factors of f?
5
Let t(b) = 202*b + 94. Let x(z) = -2*z**2 + 5*z + 1. Let o be x(2). What are the prime factors of t(o)?
2, 5, 7
Suppose -2*w - 117 = 105. Let t = 41 - w. Let l = t + -94. List the prime factors of l.
2, 29
Suppose 2*x = -2*x + t + 109, -5*x + 128 = -4*t. Suppose -x + 0 = -2*v. Suppose v*q + 156 = 16*q. List the prime factors of q.
2, 3, 13
Let s(u) = 4*u**2 - 21*u + 15. Suppose 0 = 2*q + 3*y + 3, -2 - 4 = q + 3*y. Suppose -2*v + 3*n = -1 - q, 4*v = 4*n + 16. What are the prime factors of s(v)?
103
Let x be -1 + 6 - (348 + 5). Let i = -66 - x. What are the prime factors of i?
2, 3, 47
Let i(y) = 12*y + 30. Suppose a + 14 = 3*a. What are the prime factors of i(a)?
2, 3, 19
Let b(y) = -634*y - 14. Let r be b(-8). Suppose -17*k + r = k. What are the prime factors of k?
281
Let t(r) = 417*r**3 + 2*r**2 - 5*r + 3. Suppose 1 = 428*d - 427*d. List the prime factors of t(d).
3, 139
Let f = 3837 + 7785. What are the prime factors of f?
2, 3, 13, 149
Let y(z) = 21*z**3 - 7*z**2 - 22*z - 47. What are the prime factors of y(8)?
17, 593
Suppose 0 = 3*y + 5*h - 131, 2*h - 44 = -y - 0*h. Suppose -213 = -y*n + 39*n. What are the prime factors of n + 0 - (-4 + 1)?
2, 37
Let f(n) = 17*n**2 - 16*n + 77. Suppose 0 = 34*a - 52*a + 126. What are the prime factors of f(a)?
2, 3, 7, 19
Suppose -17*w + 19*w = 4*o - 131510, -4*w = o - 32846. What are the prime factors of o?
2, 3, 5479
Let f(c) = -2*c + 15. Let h be f(6). Suppose 0*t + 456 = 3*t. Suppose h*q + q = t. What are the prime factors of q?
2, 19
Let g(a) = -59*a - 10*a**2 + 121*a - 13 - 53*a - a**3. Let z be g(-11). Let h(w) = w**3 - 9*w**2 + 3*w - 18. List the prime factors of h(z).
3
Suppose -n - j + 12051 = -38562, -2*n + 101206 = -2*j. What are the prime factors of n?
2, 3163
Let y be 9*((-16)/96)/((-2)/4). Let r be 2/5 - y*39/(-45). List the prime factors of -2 - -141 - 1*(4 - r).
2, 3, 23
Let t(w) = 453*w**2 - 128*w. Let k be t(6). Suppose 18*r = -2*r + k. What are the prime factors of r?
3, 7, 37
Let r = -616 - -1289. List the prime factors of r.
673
List the prime factors of 1010 - ((-14)/(-14) + 5).
2, 251
Let j = 44879 + -12752. What are the prime factors of j?
3, 10709
Let t(d) = 26*d**2 - 322*d - 107. List the prime factors of t(28).
11261
Let o be ((-115)/92)/((-1 + -2)/24). What are the prime factors of ((-32)/(-40))/(o/4625)?
2, 5, 37
Let x(b) = -b**2 - 3*b + 255. Let s be x(0). Suppose -4*f = -6*f + 3*t + s, -2*f = -t - 249. List the prime factors of f.
3, 41
Let y(d) = 3*d - 10. Let x be y(4). Suppose x*k = -4, -5*f - 5*k - 25 = -8*f. Suppose -f*j - 4*z + 1304 = -0*z, -2*j - 5*z = -508. List the prime factors of j.
2, 3, 11
Suppose -4*z - 9337 = -4*x + 34815, -22118 = -2*x - 4*z. What are the prime factors of x?
5, 47
Suppose -5*g = 0, -g - 199645 = -3*y - 2*y - 2*g. What are the prime factors of y?
39929
Let l(w) = -4*w**3 - 5*w**2 - 3*w - 6. Let j be l(-2). Let i be j/(-4) + 2 + (-3 - -5). What are the prime factors of 4598/44 + i/(-2)?
2, 13
Suppose 5*p = 2*h + 86, -5*h = -p + 129 + 17. Let b(y) = -5*y - 31 + 22 - 30. What are the prime factors of b(h)?
101
Let c = -572 + 2612. Suppose -19*n + 11165 = -c. What are the prime factors of n?
5, 139
List the prime factors of (1/(-4))/(598270/358960*-6 + 10).
7, 641
Let z be (-8 + 8)/(-2 - -5). Suppose z = 8*r - 1822 - 850. What are the prime factors of r?
2, 167
Let q(h) = 9*h - 20. Let n be q(2). What are the prime factors of (5 - 3645/(-5)) + n?
2, 3, 61
Let p(j) = 10*j**2 - 55*j + 13. List the prime factors of p(17).
2, 3, 41
Let q(t) = -461*t**3 - 3*t**2 - t + 1. Let y be q(-1). Suppose 0 = 9*w - 5*w - y. What are the prime factors of w?
5, 23
Let c = -24 + 30. Let u(n) = n**2 - 2*n + 23. Let j be u(c). Let a = j + 1. What are the prime factors of a?
2, 3
Let c be (2/(-14))/((-2)/14). Let a(b) = 245*b**3 + 2*b**2 - 2*b + 1. Let l be a(c). Suppose -j - 3*j + l = -f, 0 = 3*f + 6. List the prime factors of j.
61
Suppose 15*w = 12*w - 23826. List the prime factors of w/(-95) - (-2)/5.
2, 3, 7
Suppose -17*y + 962431 = -607587. Suppose 8*b + 53*b = y. List the prime factors of b.
2, 757
Let o be (((-16)/(-12))/4)/(15/135). Suppose 3*w - 469 = -l, -l + o*l = -w + 148. List the prime factors of w.
2, 79
Let p(n) = -25*n**2 + 7*n + 7. Let y be p(-4). Let r = -146 - y. Let j = r + -189. List the prime factors of j.
2, 43
Let m = 108914 + -59759. What are the prime factors of m?
3, 5, 29, 113
Let v(m) = -m**3 - 4*m**2 + 16*m + 29. Let p be v(-11). List the prime factors of (135/(-18))/((-6)/p).
5, 7
Let a = -96 - -99. Let i be (a/(-1) - 2) + 5. Suppose i = -2*h - 3*x + 166, -2*x - 208 = -3*h + 15. What are the prime factors of h?
7, 11
Suppose 12 = 5*f - 2*p, 4*p - 3*p = -4*f + 7. Suppose 50 = -f*r - 3*r + 5*q, 4*q = -3*r - 23. Let o = 7 - r. What are the prime factors of o?
2
Let r be 497/(-2)*2 - 1. Let k = r - -332. List the prime factors of k*(-5)/(-30)*-3.
83
Suppose 0 = -0*z + 4*z - 164. Suppose -2*v - z + 13 = 0. What are the prime factors of (-8)/v - (-2487)/21?
7, 17
Let i be 132/3 + (0 - (-1 - -1)). Suppose 5*s - i = s. Suppose -2*z + 3*r + 20 = -9, -z = 2*r - s. List the prime factors of z.
13
Suppose 5*j - 3*j - 2*z = 7488, -5*j - 3*z = -18728. List the prime factors of j.
5, 7, 107
Let y(c) = 7*c +